{"id":15,"date":"2026-03-19T17:42:57","date_gmt":"2026-03-19T17:42:57","guid":{"rendered":"https:\/\/www.respiromediterraneo.com\/?page_id=15"},"modified":"2026-03-28T16:14:11","modified_gmt":"2026-03-28T16:14:11","slug":"pocetna","status":"publish","type":"page","link":"https:\/\/www.respiromediterraneo.com\/","title":{"rendered":"Dobrodo\u0161li!"},"content":{"rendered":"\n<div class=\"wp-block-cover alignfull has-custom-content-position is-position-bottom-center\" style=\"margin-top:0;margin-bottom:0;padding-top:var(--wp--preset--spacing--50);padding-right:var(--wp--preset--spacing--50);padding-bottom:var(--wp--preset--spacing--50);padding-left:var(--wp--preset--spacing--50);min-height:864px;aspect-ratio:unset;\"><img loading=\"lazy\" decoding=\"async\" width=\"1024\" height=\"682\" class=\"wp-block-cover__image-background wp-image-30 size-large\" alt=\"\" src=\"https:\/\/www.respiromediterraneo.com\/wp-content\/uploads\/2026\/03\/pexels-jan-tang-598592438-18759975-1024x682.jpg\" data-object-fit=\"cover\" srcset=\"https:\/\/www.respiromediterraneo.com\/wp-content\/uploads\/2026\/03\/pexels-jan-tang-598592438-18759975-1024x682.jpg 1024w, https:\/\/www.respiromediterraneo.com\/wp-content\/uploads\/2026\/03\/pexels-jan-tang-598592438-18759975-300x200.jpg 300w, https:\/\/www.respiromediterraneo.com\/wp-content\/uploads\/2026\/03\/pexels-jan-tang-598592438-18759975-768x512.jpg 768w, https:\/\/www.respiromediterraneo.com\/wp-content\/uploads\/2026\/03\/pexels-jan-tang-598592438-18759975-1536x1023.jpg 1536w, https:\/\/www.respiromediterraneo.com\/wp-content\/uploads\/2026\/03\/pexels-jan-tang-598592438-18759975-2048x1364.jpg 2048w\" sizes=\"auto, (max-width: 1024px) 100vw, 1024px\" \/><span aria-hidden=\"true\" class=\"wp-block-cover__background has-contrast-background-color has-background-dim-10 has-background-dim\"><\/span><div class=\"wp-block-cover__inner-container has-global-padding is-layout-constrained wp-container-core-cover-is-layout-d89aad35 wp-block-cover-is-layout-constrained\">\n<div class=\"wp-block-group alignwide has-global-padding is-content-justification-left is-layout-constrained wp-container-core-group-is-layout-12dd3699 wp-block-group-is-layout-constrained\">\n<h3 class=\"wp-block-heading has-text-align-left is-style-text-display has-xx-large-font-size is-style-text-display--1\"><strong>Dalmacija kroz moje o\u010di<\/strong><\/h3>\n\n\n\n<p>Pri\u010de, slike i trenuci jedne nostalgi\u010dne Dalmatinke<\/p>\n\n\n\n<div class=\"wp-block-buttons is-layout-flex wp-block-buttons-is-layout-flex\">\n<div class=\"wp-block-button\"><a class=\"wp-block-button__link wp-element-button\" href=\"https:\/\/www.respiromediterraneo.com\/?page_id=59\">\u010citaj blog<\/a><\/div>\n<\/div>\n<\/div>\n<\/div><\/div>\n\n\n\n<div class=\"wp-block-group alignfull is-style-section-5 has-background has-global-padding is-layout-constrained wp-block-group-is-layout-constrained is-style-section-5--3\" style=\"background-color:#8fb7c2;margin-top:0;margin-bottom:0;padding-top:var(--wp--preset--spacing--50);padding-bottom:var(--wp--preset--spacing--50)\">\n<div class=\"wp-block-columns alignwide is-layout-flex wp-container-core-columns-is-layout-7ee84d44 wp-block-columns-is-layout-flex\">\n<div class=\"wp-block-column is-vertically-aligned-center is-layout-flow wp-block-column-is-layout-flow\" style=\"flex-basis:50%\">\n<h2 class=\"wp-block-heading\">Moja pri\u010da<\/h2>\n\n\n\n<p class=\"has-medium-font-size\">Pisanje je terapija.<br>Pisanje je moj na\u010din no\u0161enja s nostalgijom koja me u zadnje vrijeme sve \u010de\u0161\u0107e prati.<\/p>\n\n\n\n<p class=\"has-medium-font-size\">Ono je i moj na\u010din suo\u010davanja s \u010dinjenicom da se autenti\u010dna Dalmacija polako gubi, a upravo je ta Dalmacija moje djetinjstvo, moja pro\u0161lost i moji preci.<\/p>\n\n\n\n<p class=\"has-medium-font-size\">Zapravo, ovaj blog je moj na\u010din no\u0161enja sa \u017eivotom.<\/p>\n<\/div>\n\n\n\n<div class=\"wp-block-column is-vertically-aligned-center is-layout-flow wp-block-column-is-layout-flow\" style=\"flex-basis:50%\">\n<figure class=\"wp-block-image size-full\"><img loading=\"lazy\" decoding=\"async\" width=\"1441\" height=\"2560\" src=\"https:\/\/www.respiromediterraneo.com\/wp-content\/uploads\/2026\/03\/1000089779-4-scaled.jpg\" alt=\"\" class=\"wp-image-33\" style=\"aspect-ratio:1;object-fit:cover\" srcset=\"https:\/\/www.respiromediterraneo.com\/wp-content\/uploads\/2026\/03\/1000089779-4-scaled.jpg 1441w, https:\/\/www.respiromediterraneo.com\/wp-content\/uploads\/2026\/03\/1000089779-4-169x300.jpg 169w, https:\/\/www.respiromediterraneo.com\/wp-content\/uploads\/2026\/03\/1000089779-4-577x1024.jpg 577w, https:\/\/www.respiromediterraneo.com\/wp-content\/uploads\/2026\/03\/1000089779-4-768x1364.jpg 768w, https:\/\/www.respiromediterraneo.com\/wp-content\/uploads\/2026\/03\/1000089779-4-865x1536.jpg 865w, https:\/\/www.respiromediterraneo.com\/wp-content\/uploads\/2026\/03\/1000089779-4-1153x2048.jpg 1153w\" sizes=\"auto, (max-width: 1441px) 100vw, 1441px\" \/><\/figure>\n<\/div>\n<\/div>\n<\/div>\n\n\n\n<div class=\"wp-block-group alignfull has-global-padding is-layout-constrained wp-container-core-group-is-layout-08655630 wp-block-group-is-layout-constrained\" style=\"margin-top:0;margin-bottom:0;padding-top:var(--wp--preset--spacing--80);padding-bottom:var(--wp--preset--spacing--80)\">\n<div class=\"wp-block-group alignwide is-layout-flow wp-block-group-is-layout-flow\">\n<p class=\"has-text-align-center is-style-text-display has-large-font-size is-style-text-display--4\" style=\"font-style:normal;font-weight:400\">Podijelimo trenutke!<br>Ima\u0161 pitanje, prijedlog ili samo \u017eeli\u0161 podijeliti svoju pri\u010du? Javi se!<\/p>\n\n\n\n<div style=\"height:var(--wp--preset--spacing--40)\" aria-hidden=\"true\" class=\"wp-block-spacer\"><\/div>\n\n\n\n<ul class=\"wp-block-social-links has-icon-color is-style-logos-only is-content-justification-center is-layout-flex wp-container-core-social-links-is-layout-a89b3969 wp-block-social-links-is-layout-flex\"><li class=\"wp-social-link wp-social-link-instagram has-contrast-color wp-block-social-link\"><a href=\"https:\/\/instagram.com\/respiro_mediterraneo\" class=\"wp-block-social-link-anchor\" target=\"_blank\" rel=\"noopener\"><svg width=\"24\" height=\"24\" viewBox=\"0 0 24 24\" version=\"1.1\" xmlns=\"http:\/\/www.w3.org\/2000\/svg\" aria-hidden=\"true\" focusable=\"false\"><path d=\"M12,4.622c2.403,0,2.688,0.009,3.637,0.052c0.877,0.04,1.354,0.187,1.671,0.31c0.42,0.163,0.72,0.358,1.035,0.673 c0.315,0.315,0.51,0.615,0.673,1.035c0.123,0.317,0.27,0.794,0.31,1.671c0.043,0.949,0.052,1.234,0.052,3.637 s-0.009,2.688-0.052,3.637c-0.04,0.877-0.187,1.354-0.31,1.671c-0.163,0.42-0.358,0.72-0.673,1.035 c-0.315,0.315-0.615,0.51-1.035,0.673c-0.317,0.123-0.794,0.27-1.671,0.31c-0.949,0.043-1.233,0.052-3.637,0.052 s-2.688-0.009-3.637-0.052c-0.877-0.04-1.354-0.187-1.671-0.31c-0.42-0.163-0.72-0.358-1.035-0.673 c-0.315-0.315-0.51-0.615-0.673-1.035c-0.123-0.317-0.27-0.794-0.31-1.671C4.631,14.688,4.622,14.403,4.622,12 s0.009-2.688,0.052-3.637c0.04-0.877,0.187-1.354,0.31-1.671c0.163-0.42,0.358-0.72,0.673-1.035 c0.315-0.315,0.615-0.51,1.035-0.673c0.317-0.123,0.794-0.27,1.671-0.31C9.312,4.631,9.597,4.622,12,4.622 M12,3 C9.556,3,9.249,3.01,8.289,3.054C7.331,3.098,6.677,3.25,6.105,3.472C5.513,3.702,5.011,4.01,4.511,4.511 c-0.5,0.5-0.808,1.002-1.038,1.594C3.25,6.677,3.098,7.331,3.054,8.289C3.01,9.249,3,9.556,3,12c0,2.444,0.01,2.751,0.054,3.711 c0.044,0.958,0.196,1.612,0.418,2.185c0.23,0.592,0.538,1.094,1.038,1.594c0.5,0.5,1.002,0.808,1.594,1.038 c0.572,0.222,1.227,0.375,2.185,0.418C9.249,20.99,9.556,21,12,21s2.751-0.01,3.711-0.054c0.958-0.044,1.612-0.196,2.185-0.418 c0.592-0.23,1.094-0.538,1.594-1.038c0.5-0.5,0.808-1.002,1.038-1.594c0.222-0.572,0.375-1.227,0.418-2.185 C20.99,14.751,21,14.444,21,12s-0.01-2.751-0.054-3.711c-0.044-0.958-0.196-1.612-0.418-2.185c-0.23-0.592-0.538-1.094-1.038-1.594 c-0.5-0.5-1.002-0.808-1.594-1.038c-0.572-0.222-1.227-0.375-2.185-0.418C14.751,3.01,14.444,3,12,3L12,3z M12,7.378 c-2.552,0-4.622,2.069-4.622,4.622S9.448,16.622,12,16.622s4.622-2.069,4.622-4.622S14.552,7.378,12,7.378z M12,15 c-1.657,0-3-1.343-3-3s1.343-3,3-3s3,1.343,3,3S13.657,15,12,15z M16.804,6.116c-0.596,0-1.08,0.484-1.08,1.08 s0.484,1.08,1.08,1.08c0.596,0,1.08-0.484,1.08-1.08S17.401,6.116,16.804,6.116z\"><\/path><\/svg><span class=\"wp-block-social-link-label screen-reader-text\">Instagram<\/span><\/a><\/li>\n\n<li class=\"wp-social-link wp-social-link-mail has-contrast-color wp-block-social-link\"><a href=\"mailto:ka.mediteran@gmail.com\" class=\"wp-block-social-link-anchor\"><svg width=\"24\" height=\"24\" viewBox=\"0 0 24 24\" version=\"1.1\" xmlns=\"http:\/\/www.w3.org\/2000\/svg\" aria-hidden=\"true\" focusable=\"false\"><path d=\"M19,5H5c-1.1,0-2,.9-2,2v10c0,1.1.9,2,2,2h14c1.1,0,2-.9,2-2V7c0-1.1-.9-2-2-2zm.5,12c0,.3-.2.5-.5.5H5c-.3,0-.5-.2-.5-.5V9.8l7.5,5.6,7.5-5.6V17zm0-9.1L12,13.6,4.5,7.9V7c0-.3.2-.5.5-.5h14c.3,0,.5.2.5.5v.9z\"><\/path><\/svg><span class=\"wp-block-social-link-label screen-reader-text\">Mail<\/span><\/a><\/li><\/ul>\n<\/div>\n<\/div>\n\n\n\n<p><\/p>\n","protected":false},"excerpt":{"rendered":"<p>Moja pri\u010da Pisanje je terapija.Pisanje je moj na\u010din no\u0161enja s nostalgijom koja me u zadnje vrijeme sve \u010de\u0161\u0107e prati. Ono je i moj na\u010din suo\u010davanja s \u010dinjenicom da se autenti\u010dna Dalmacija polako gubi, a upravo je ta Dalmacija moje djetinjstvo, moja pro\u0161lost i moji preci. Zapravo, ovaj blog je moj na\u010din no\u0161enja sa \u017eivotom. Podijelimo [&hellip;]<\/p>\n","protected":false},"author":1,"featured_media":0,"parent":0,"menu_order":0,"comment_status":"closed","ping_status":"closed","template":"","meta":{"footnotes":""},"class_list":["post-15","page","type-page","status-publish","hentry"],"yoast_head":"<!-- This site is optimized with the Yoast SEO plugin v27.3 - https:\/\/yoast.com\/product\/yoast-seo-wordpress\/ -->\n<title>Dobrodo\u0161li! - Respiro Mediterraneo<\/title>\n<meta name=\"robots\" content=\"index, follow, max-snippet:-1, max-image-preview:large, max-video-preview:-1\" \/>\n<link rel=\"canonical\" href=\"https:\/\/www.respiromediterraneo.com\/\" \/>\n<meta property=\"og:locale\" content=\"en_US\" \/>\n<meta property=\"og:type\" content=\"article\" \/>\n<meta property=\"og:title\" content=\"Dobrodo\u0161li! - Respiro Mediterraneo\" \/>\n<meta property=\"og:description\" content=\"Moja pri\u010da Pisanje je terapija.Pisanje je moj na\u010din no\u0161enja s nostalgijom koja me u zadnje vrijeme sve \u010de\u0161\u0107e prati. Ono je i moj na\u010din suo\u010davanja s \u010dinjenicom da se autenti\u010dna Dalmacija polako gubi, a upravo je ta Dalmacija moje djetinjstvo, moja pro\u0161lost i moji preci. Zapravo, ovaj blog je moj na\u010din no\u0161enja sa \u017eivotom. Podijelimo [&hellip;]\" \/>\n<meta property=\"og:url\" content=\"https:\/\/www.respiromediterraneo.com\/\" \/>\n<meta property=\"og:site_name\" content=\"Respiro Mediterraneo\" \/>\n<meta property=\"article:modified_time\" content=\"2026-03-28T16:14:11+00:00\" \/>\n<meta property=\"og:image\" content=\"https:\/\/www.respiromediterraneo.com\/wp-content\/uploads\/2026\/03\/pexels-jan-tang-598592438-18759975-scaled.jpg\" \/>\n\t<meta property=\"og:image:width\" content=\"2560\" \/>\n\t<meta property=\"og:image:height\" content=\"1705\" \/>\n\t<meta property=\"og:image:type\" content=\"image\/jpeg\" \/>\n<meta name=\"twitter:card\" content=\"summary_large_image\" \/>\n<script type=\"application\/ld+json\" class=\"yoast-schema-graph\">{\"@context\":\"https:\\\/\\\/schema.org\",\"@graph\":[{\"@type\":\"WebPage\",\"@id\":\"https:\\\/\\\/www.respiromediterraneo.com\\\/\",\"url\":\"https:\\\/\\\/www.respiromediterraneo.com\\\/\",\"name\":\"Dobrodo\u0161li! - Respiro Mediterraneo\",\"isPartOf\":{\"@id\":\"https:\\\/\\\/www.respiromediterraneo.com\\\/#website\"},\"primaryImageOfPage\":{\"@id\":\"https:\\\/\\\/www.respiromediterraneo.com\\\/#primaryimage\"},\"image\":{\"@id\":\"https:\\\/\\\/www.respiromediterraneo.com\\\/#primaryimage\"},\"thumbnailUrl\":\"https:\\\/\\\/www.respiromediterraneo.com\\\/wp-content\\\/uploads\\\/2026\\\/03\\\/pexels-jan-tang-598592438-18759975-1024x682.jpg\",\"datePublished\":\"2026-03-19T17:42:57+00:00\",\"dateModified\":\"2026-03-28T16:14:11+00:00\",\"breadcrumb\":{\"@id\":\"https:\\\/\\\/www.respiromediterraneo.com\\\/#breadcrumb\"},\"inLanguage\":\"en-US\",\"potentialAction\":[{\"@type\":\"ReadAction\",\"target\":[\"https:\\\/\\\/www.respiromediterraneo.com\\\/\"]}]},{\"@type\":\"ImageObject\",\"inLanguage\":\"en-US\",\"@id\":\"https:\\\/\\\/www.respiromediterraneo.com\\\/#primaryimage\",\"url\":\"https:\\\/\\\/www.respiromediterraneo.com\\\/wp-content\\\/uploads\\\/2026\\\/03\\\/pexels-jan-tang-598592438-18759975-scaled.jpg\",\"contentUrl\":\"https:\\\/\\\/www.respiromediterraneo.com\\\/wp-content\\\/uploads\\\/2026\\\/03\\\/pexels-jan-tang-598592438-18759975-scaled.jpg\",\"width\":2560,\"height\":1705},{\"@type\":\"BreadcrumbList\",\"@id\":\"https:\\\/\\\/www.respiromediterraneo.com\\\/#breadcrumb\",\"itemListElement\":[{\"@type\":\"ListItem\",\"position\":1,\"name\":\"Home\",\"item\":\"https:\\\/\\\/www.respiromediterraneo.com\\\/\"},{\"@type\":\"ListItem\",\"position\":2,\"name\":\"Dobrodo\u0161li!\"}]},{\"@type\":\"WebSite\",\"@id\":\"https:\\\/\\\/www.respiromediterraneo.com\\\/#website\",\"url\":\"https:\\\/\\\/www.respiromediterraneo.com\\\/\",\"name\":\"Respiro Mediterraneo\",\"description\":\"Dalmacija, nostalgija i pri\u010de s juga\",\"publisher\":{\"@id\":\"https:\\\/\\\/www.respiromediterraneo.com\\\/#organization\"},\"potentialAction\":[{\"@type\":\"SearchAction\",\"target\":{\"@type\":\"EntryPoint\",\"urlTemplate\":\"https:\\\/\\\/www.respiromediterraneo.com\\\/?s={search_term_string}\"},\"query-input\":{\"@type\":\"PropertyValueSpecification\",\"valueRequired\":true,\"valueName\":\"search_term_string\"}}],\"inLanguage\":\"en-US\"},{\"@type\":\"Organization\",\"@id\":\"https:\\\/\\\/www.respiromediterraneo.com\\\/#organization\",\"name\":\"Respiro Mediterraneo\",\"url\":\"https:\\\/\\\/www.respiromediterraneo.com\\\/\",\"logo\":{\"@type\":\"ImageObject\",\"inLanguage\":\"en-US\",\"@id\":\"https:\\\/\\\/www.respiromediterraneo.com\\\/#\\\/schema\\\/logo\\\/image\\\/\",\"url\":\"https:\\\/\\\/www.respiromediterraneo.com\\\/wp-content\\\/uploads\\\/2026\\\/03\\\/IMG_20230111_161716_018.jpg\",\"contentUrl\":\"https:\\\/\\\/www.respiromediterraneo.com\\\/wp-content\\\/uploads\\\/2026\\\/03\\\/IMG_20230111_161716_018.jpg\",\"width\":967,\"height\":966,\"caption\":\"Respiro Mediterraneo\"},\"image\":{\"@id\":\"https:\\\/\\\/www.respiromediterraneo.com\\\/#\\\/schema\\\/logo\\\/image\\\/\"}}]}<\/script>\n<!-- \/ Yoast SEO plugin. -->","yoast_head_json":{"title":"Dobrodo\u0161li! - Respiro Mediterraneo","robots":{"index":"index","follow":"follow","max-snippet":"max-snippet:-1","max-image-preview":"max-image-preview:large","max-video-preview":"max-video-preview:-1"},"canonical":"https:\/\/www.respiromediterraneo.com\/","og_locale":"en_US","og_type":"article","og_title":"Dobrodo\u0161li! - Respiro Mediterraneo","og_description":"Moja pri\u010da Pisanje je terapija.Pisanje je moj na\u010din no\u0161enja s nostalgijom koja me u zadnje vrijeme sve \u010de\u0161\u0107e prati. Ono je i moj na\u010din suo\u010davanja s \u010dinjenicom da se autenti\u010dna Dalmacija polako gubi, a upravo je ta Dalmacija moje djetinjstvo, moja pro\u0161lost i moji preci. Zapravo, ovaj blog je moj na\u010din no\u0161enja sa \u017eivotom. Podijelimo [&hellip;]","og_url":"https:\/\/www.respiromediterraneo.com\/","og_site_name":"Respiro Mediterraneo","article_modified_time":"2026-03-28T16:14:11+00:00","og_image":[{"width":2560,"height":1705,"url":"https:\/\/www.respiromediterraneo.com\/wp-content\/uploads\/2026\/03\/pexels-jan-tang-598592438-18759975-scaled.jpg","type":"image\/jpeg"}],"twitter_card":"summary_large_image","schema":{"@context":"https:\/\/schema.org","@graph":[{"@type":"WebPage","@id":"https:\/\/www.respiromediterraneo.com\/","url":"https:\/\/www.respiromediterraneo.com\/","name":"Dobrodo\u0161li! - Respiro Mediterraneo","isPartOf":{"@id":"https:\/\/www.respiromediterraneo.com\/#website"},"primaryImageOfPage":{"@id":"https:\/\/www.respiromediterraneo.com\/#primaryimage"},"image":{"@id":"https:\/\/www.respiromediterraneo.com\/#primaryimage"},"thumbnailUrl":"https:\/\/www.respiromediterraneo.com\/wp-content\/uploads\/2026\/03\/pexels-jan-tang-598592438-18759975-1024x682.jpg","datePublished":"2026-03-19T17:42:57+00:00","dateModified":"2026-03-28T16:14:11+00:00","breadcrumb":{"@id":"https:\/\/www.respiromediterraneo.com\/#breadcrumb"},"inLanguage":"en-US","potentialAction":[{"@type":"ReadAction","target":["https:\/\/www.respiromediterraneo.com\/"]}]},{"@type":"ImageObject","inLanguage":"en-US","@id":"https:\/\/www.respiromediterraneo.com\/#primaryimage","url":"https:\/\/www.respiromediterraneo.com\/wp-content\/uploads\/2026\/03\/pexels-jan-tang-598592438-18759975-scaled.jpg","contentUrl":"https:\/\/www.respiromediterraneo.com\/wp-content\/uploads\/2026\/03\/pexels-jan-tang-598592438-18759975-scaled.jpg","width":2560,"height":1705},{"@type":"BreadcrumbList","@id":"https:\/\/www.respiromediterraneo.com\/#breadcrumb","itemListElement":[{"@type":"ListItem","position":1,"name":"Home","item":"https:\/\/www.respiromediterraneo.com\/"},{"@type":"ListItem","position":2,"name":"Dobrodo\u0161li!"}]},{"@type":"WebSite","@id":"https:\/\/www.respiromediterraneo.com\/#website","url":"https:\/\/www.respiromediterraneo.com\/","name":"Respiro Mediterraneo","description":"Dalmacija, nostalgija i pri\u010de s juga","publisher":{"@id":"https:\/\/www.respiromediterraneo.com\/#organization"},"potentialAction":[{"@type":"SearchAction","target":{"@type":"EntryPoint","urlTemplate":"https:\/\/www.respiromediterraneo.com\/?s={search_term_string}"},"query-input":{"@type":"PropertyValueSpecification","valueRequired":true,"valueName":"search_term_string"}}],"inLanguage":"en-US"},{"@type":"Organization","@id":"https:\/\/www.respiromediterraneo.com\/#organization","name":"Respiro Mediterraneo","url":"https:\/\/www.respiromediterraneo.com\/","logo":{"@type":"ImageObject","inLanguage":"en-US","@id":"https:\/\/www.respiromediterraneo.com\/#\/schema\/logo\/image\/","url":"https:\/\/www.respiromediterraneo.com\/wp-content\/uploads\/2026\/03\/IMG_20230111_161716_018.jpg","contentUrl":"https:\/\/www.respiromediterraneo.com\/wp-content\/uploads\/2026\/03\/IMG_20230111_161716_018.jpg","width":967,"height":966,"caption":"Respiro Mediterraneo"},"image":{"@id":"https:\/\/www.respiromediterraneo.com\/#\/schema\/logo\/image\/"}}]}},"_links":{"self":[{"href":"https:\/\/www.respiromediterraneo.com\/index.php?rest_route=\/wp\/v2\/pages\/15","targetHints":{"allow":["GET"]}}],"collection":[{"href":"https:\/\/www.respiromediterraneo.com\/index.php?rest_route=\/wp\/v2\/pages"}],"about":[{"href":"https:\/\/www.respiromediterraneo.com\/index.php?rest_route=\/wp\/v2\/types\/page"}],"author":[{"embeddable":true,"href":"https:\/\/www.respiromediterraneo.com\/index.php?rest_route=\/wp\/v2\/users\/1"}],"replies":[{"embeddable":true,"href":"https:\/\/www.respiromediterraneo.com\/index.php?rest_route=%2Fwp%2Fv2%2Fcomments&post=15"}],"version-history":[{"count":5,"href":"https:\/\/www.respiromediterraneo.com\/index.php?rest_route=\/wp\/v2\/pages\/15\/revisions"}],"predecessor-version":[{"id":83,"href":"https:\/\/www.respiromediterraneo.com\/index.php?rest_route=\/wp\/v2\/pages\/15\/revisions\/83"}],"wp:attachment":[{"href":"https:\/\/www.respiromediterraneo.com\/index.php?rest_route=%2Fwp%2Fv2%2Fmedia&parent=15"}],"curies":[{"name":"wp","href":"https:\/\/api.w.org\/{rel}","templated":true}]}}